 prime number?
True
Is 2119848299 a prime number?
True
Is 32921145973 a prime number?
True
Is 861635969 prime?
False
Is 15680002511 composite?
False
Is 19046068039 composite?
False
Is 30237789539 composite?
False
Is 6972307 a composite number?
False
Is 804468877 a composite number?
False
Is 464811247 a composite number?
True
Is 8040853841 a prime number?
True
Is 4764007691 prime?
False
Is 73628963 composite?
False
Is 6445246903 composite?
False
Is 2056468391 a prime number?
False
Is 174185345 a composite number?
True
Is 2780671081 a prime number?
True
Is 350334769 prime?
False
Is 19919357531 composite?
False
Is 1093549637 prime?
False
Is 23306967239 prime?
True
Is 234316007 a composite number?
False
Is 211313749 prime?
False
Is 17777486321 a prime number?
False
Is 4711270143 prime?
False
Is 331821593 a prime number?
True
Is 57179905799 a prime number?
True
Is 235588403 prime?
False
Is 561140339 a prime number?
False
Is 4009121351 composite?
True
Is 40196729147 composite?
True
Is 275472799 a composite number?
True
Is 900540679 prime?
True
Is 37975333489 composite?
True
Is 7363410839 a composite number?
False
Is 157850731 a prime number?
True
Is 9336380389 prime?
False
Is 32122741747 a composite number?
False
Is 725617471 prime?
False
Is 68510335013 prime?
False
Is 20527761713 a composite number?
True
Is 119466926983 a composite number?
True
Is 668762989 prime?
False
Is 7764764347 prime?
True
Is 498304613 a composite number?
False
Is 1529879189 a prime number?
True
Is 202726469 a composite number?
True
Is 3107637359 a prime number?
False
Is 103325293 a composite number?
False
Is 1166205671 a composite number?
False
Is 2436961189 a composite number?
True
Is 1329371503 composite?
True
Is 525911819 composite?
False
Is 1597631171 a prime number?
False
Is 1039967171 a prime number?
True
Is 2812499597 a prime number?
True
Is 857844131 a prime number?
False
Is 879226163 composite?
False
Is 24371416694 a composite number?
True
Is 906276781 prime?
True
Is 120865723149 a composite number?
True
Is 2004339793 a prime number?
True
Is 219133297 composite?
False
Is 165054949 composite?
True
Is 389820157 a prime number?
True
Is 133396120997 a prime number?
True
Is 3228119879 composite?
False
Is 45244151563 composite?
True
Is 23163791447 composite?
False
Is 199837453 composite?
False
Is 12991867463 a composite number?
True
Is 4495561927 prime?
True
Is 2059827463 a composite number?
False
Is 51685362305 composite?
True
Is 978170981 prime?
False
Is 40165522361 a prime number?
False
Is 143270105669 a prime number?
False
Is 4738977377 prime?
False
Is 4936739341 a composite number?
False
Is 8066961991 prime?
False
Is 1079579363 a composite number?
True
Is 24941588977 a composite number?
False
Is 4881183211 prime?
False
Is 160714739 a prime number?
True
Is 2499891211 composite?
True
Is 1094086687 composite?
False
Is 36827300551 a prime number?
True
Is 1171150411 a prime number?
False
Is 13012147331 a composite number?
True
Is 6467905183 prime?
True
Is 9256346123 composite?
True
Is 5027915873 prime?
False
Is 1270876433 composite?
True
Is 1707783983 composite?
False
Is 698195827 composite?
True
Is 3386951474 a prime number?
False
Is 75182350181 a prime number?
False
Is 1323932417 a composite number?
True
Is 591311311 prime?
True
Is 5935503521 prime?
True
Is 48854133578 a composite number?
True
Is 6469099649 a prime number?
False
Is 377310107 composite?
False
Is 2077082009 a composite number?
False
Is 445002809 a prime number?
True
Is 2481725171 a composite number?
False
Is 86922079 a prime number?
True
Is 4592537611 a prime number?
True
Is 24105219769 a prime number?
True
Is 7299353609 prime?
False
Is 223951141 prime?
False
Is 2750877949 a composite number?
True
Is 467415307 a prime number?
True
Is 27769567 a composite number?
True
Is 549132511 prime?
True
Is 733203397 composite?
True
Is 284308099 composite?
True
Is 39240541 a composite number?
True
Is 9961378033 composite?
True
Is 516302947 prime?
False
Is 29765201 prime?
True
Is 1646795063 composite?
True
Is 3937444547 a composite number?
False
Is 112498361 a composite number?
False
Is 34364741657 composite?
True
Is 12198972719 prime?
False
Is 1554933353 a prime number?
True
Is 1379936533 composite?
True
Is 121480739 a prime number?
False
Is 252407461 a prime number?
True
Is 84131886467 a composite number?
False
Is 1780304135 a composite number?
True
Is 3606991273 a composite number?
False
Is 58359280429 a prime number?
True
Is 7624850021 a composite number?
True
Is 5524986713 composite?
False
Is 52312423411 prime?
False
Is 1630775501 prime?
False
Is 5234145641 prime?
True
Is 21052871699 a composite number?
False
Is 1776441559 prime?
True
Is 468769937 a composite number?
False
Is 11378512757 a prime number?
True
Is 48352440101 composite?
True
Is 413925229 prime?
False
Is 28809848261 a prime number?
True
Is 7668155137 prime?
True
Is 6056432321 a composite number?
False
Is 7170532333 a composite number?
False
Is 331767883 a prime number?
False
Is 1296978053 composite?
True
Is 3368418569 composite?
True
Is 20385238039 a composite number?
True
Is 3430960651 a composite number?
False
Is 1229954753 a prime number?
True
Is 4542505529 prime?
True
Is 13816654431 prime?
False
Is 197317093 prime?
False
Is 910262581 prime?
True
Is 700378541 a prime number?
False
Is 127133284667 a composite number?
True
Is 51087526171 prime?
False
Is 37461869411 a prime number?
True
Is 3203919529 a composite number?
False
Is 219125896189 a composite number?
True
Is 3161702641 a prime number?
False
Is 19637351 a composite number?
True
Is 72706993 a composite number?
True
Is 3568456631 composite?
False
Is 4434812749 a composite number?
True
Is 316691539 composite?
False
Is 22230147781 a composite number?
False
Is 2427578009 a composite number?
True
Is 1037275697 prime?
False
Is 1322893739 a prime number?
True
Is 6637577651 composite?
False
Is 2836752167 composite?
True
Is 675941837 prime?
True
Is 6302670553 a composite number?
True
Is 528739079 a prime number?
False
Is 1593694799 a prime number?
True
Is 3355326517 a composite number?
False
Is 6194024773 prime?
True
Is 832168762 a prime number?
False
Is 9997748729 composite?
False
Is 98265567773 a composite number?
False
Is 94647600193 composite?
True
Is 376485970561 a composite number?
False
Is 27689315293 a composite number?
False
Is 11494038781 composite?
False
Is 875450621 prime?
True
Is 2550478313 a composite number?
True
Is 1342272445 composite?
True
Is 41721583 a composite number?
True
Is 285951437 prime?
True
Is 678344273 composite?
True
Is 917355353 composite?
True
Is 2131475161 a prime number?
False
Is 1441148017 a composite number?
False
Is 6543915527 a composite number?
True
Is 224067859 a composite number?
False
Is 1653099571 prime?
True
Is 4094529449 a prime number?
True
Is 59080243507 composite?
False
Is 3110123591 a composite number?
True
Is 126521765827 a prime number?
True
Is 51532981573 a composite number?
False
Is 572863349 prime?
False
Is 1613170345 a prime number?
False
Is 37245559781 a prime number?
True
Is 171738998021 prime?
True
Is 14638458113 a composite number?
True
Is 11876163107 a prime number?
False
Is 1765067341 prime?
False
Is 437975003 prime?
False
Is 1193832587 a composite number?
False
Is 2998313251 a composite number?
False
Is 2377749529 a prime number?
True
Is 3325278211 composite?
True
Is 5379771181 composite?
True
Is 13210837357 prime?
True
Is 14224568555 a prime number?
False
Is 653750957 composite?
True
Is 335485739 prime?
False
Is 14487478981 a composite number?
True
Is 173780473 a composite number?
False
Is 4986342419 composite?
False
Is 227279677721 prime?
True
Is 255795669161 prime?
True
Is 1477420177 prime?
False
Is 65623689059 prime?
True
Is 7258671107 composite?
False
Is 2239900669 a prime number?
True
Is 6538641943 a composite number?
True
Is 253392211 prime?
True
Is 1397061409 a composite number?
True
Is 45473364071 prime?
True
Is 10201302733 composite?
True
Is 109425223 a composite number?
True
Is 886830317 prime?
True
Is 167024641603 composite?
False
Is 2635622083 prime?
True
Is 1882641227 a composite number?
True
Is 22126462 a prime number?
False
Is 103050763 prime?
False
Is 30868526419 composite?
False
Is 387497003 a prime number?
True
Is 36